{"id":3105,"date":"2026-03-02T13:16:27","date_gmt":"2026-03-02T12:16:27","guid":{"rendered":"https:\/\/airap.asso.fr\/?page_id=3105"},"modified":"2026-03-02T13:16:27","modified_gmt":"2026-03-02T12:16:27","slug":"valloire-et-val-thorens-deux-morts-evitables","status":"publish","type":"page","link":"https:\/\/airap.asso.fr\/?page_id=3105","title":{"rendered":"Valloire et Val Thorens, deux morts \u00e9vitables ?"},"content":{"rendered":"<p>17 avril 2025, 17 f\u00e9vrier 2026<\/p>\n<p>L\u2019AIRAP s\u2019interroge sur les \u00e9v\u00e8nements qui ont d\u00e9bouch\u00e9 sur ces deux morts. Pourquoi deux promeneurs ont-ils trouv\u00e9s la mort \u00e0 quelques m\u00e8tres de lieux habit\u00e9s ?<span class=\"Apple-converted-space\">\u00a0 <\/span>Elle fait part de ses r\u00e9flexions \u00e0 travers les 3 notes jointes. Un objectif, amener les responsables, les maires, \u00e0 redevelopper une vraie culture du risque.<span class=\"Apple-converted-space\">\u00a0 <\/span>Il en va de la s\u00e9curit\u00e9 de leurs r\u00e9sidents et aussi de leur s\u00e9curit\u00e9 judiciaire.<\/p>\n<p><b>Note 1 : Val Thorens et Chamonix, un automate d\u2019alerte ?oui, bien s\u00fbr, mais pas n\u2019importe comment.<\/b><\/p>\n<p><b>Note 2<span class=\"Apple-converted-space\">\u00a0 <\/span>: Valloire, un drame \u00e9vitable?<\/b><\/p>\n<p><b>Note 3<span class=\"Apple-converted-space\">\u00a0 <\/span>: Valloire et Val Thorens, des morts par avalanches, injustifiables<\/b><\/p>\n","protected":false},"excerpt":{"rendered":"<p>17 avril 2025, 17 f\u00e9vrier 2026 L\u2019AIRAP s\u2019interroge sur les \u00e9v\u00e8nements qui ont d\u00e9bouch\u00e9 sur ces deux morts. Pourquoi deux promeneurs ont-ils trouv\u00e9s la mort \u00e0 quelques m\u00e8tres de lieux habit\u00e9s ?\u00a0 Elle fait part de ses r\u00e9flexions \u00e0 travers les 3 notes jointes. Un objectif, amener les responsables, les maires, \u00e0 redevelopper une vraie [&hellip;]<\/p>\n","protected":false},"author":2,"featured_media":0,"parent":0,"menu_order":0,"comment_status":"closed","ping_status":"closed","template":"","meta":{"sfsi_plus_gutenberg_text_before_share":"","sfsi_plus_gutenberg_show_text_before_share":"","sfsi_plus_gutenberg_icon_type":"","sfsi_plus_gutenberg_icon_alignemt":"","sfsi_plus_gutenburg_max_per_row":"","site-sidebar-layout":"default","site-content-layout":"","ast-site-content-layout":"default","site-content-style":"default","site-sidebar-style":"default","ast-global-header-display":"","ast-banner-title-visibility":"","ast-main-header-display":"","ast-hfb-above-header-display":"","ast-hfb-below-header-display":"","ast-hfb-mobile-header-display":"","site-post-title":"","ast-breadcrumbs-content":"","ast-featured-img":"","footer-sml-layout":"","ast-disable-related-posts":"","theme-transparent-header-meta":"default","adv-header-id-meta":"","stick-header-meta":"","header-above-stick-meta":"","header-main-stick-meta":"","header-below-stick-meta":"","astra-migrate-meta-layouts":"set","ast-page-background-enabled":"default","ast-page-background-meta":{"desktop":{"background-color":"var(--ast-global-color-4)","background-image":"","background-repeat":"repeat","background-position":"center center","background-size":"auto","background-attachment":"scroll","background-type":"","background-media":"","overlay-type":"","overlay-color":"","overlay-opacity":"","overlay-gradient":""},"tablet":{"background-color":"","background-image":"","background-repeat":"repeat","background-position":"center center","background-size":"auto","background-attachment":"scroll","background-type":"","background-media":"","overlay-type":"","overlay-color":"","overlay-opacity":"","overlay-gradient":""},"mobile":{"background-color":"","background-image":"","background-repeat":"repeat","background-position":"center center","background-size":"auto","background-attachment":"scroll","background-type":"","background-media":"","overlay-type":"","overlay-color":"","overlay-opacity":"","overlay-gradient":""}},"ast-content-background-meta":{"desktop":{"background-color":"var(--ast-global-color-5)","background-image":"","background-repeat":"repeat","background-position":"center center","background-size":"auto","background-attachment":"scroll","background-type":"","background-media":"","overlay-type":"","overlay-color":"","overlay-opacity":"","overlay-gradient":""},"tablet":{"background-color":"var(--ast-global-color-5)","background-image":"","background-repeat":"repeat","background-position":"center center","background-size":"auto","background-attachment":"scroll","background-type":"","background-media":"","overlay-type":"","overlay-color":"","overlay-opacity":"","overlay-gradient":""},"mobile":{"background-color":"var(--ast-global-color-5)","background-image":"","background-repeat":"repeat","background-position":"center center","background-size":"auto","background-attachment":"scroll","background-type":"","background-media":"","overlay-type":"","overlay-color":"","overlay-opacity":"","overlay-gradient":""}},"footnotes":""},"folder":[47],"class_list":["post-3105","page","type-page","status-publish","hentry"],"yoast_head":"<!-- This site is optimized with the Yoast SEO plugin v27.4 - https:\/\/yoast.com\/product\/yoast-seo-wordpress\/ -->\n<title>Valloire et Val Thorens, deux morts \u00e9vitables ? - AIRAP<\/title>\n<meta name=\"robots\" content=\"index, follow, max-snippet:-1, max-image-preview:large, max-video-preview:-1\" \/>\n<link rel=\"canonical\" href=\"https:\/\/airap.asso.fr\/?page_id=3105\" \/>\n<meta property=\"og:locale\" content=\"fr_FR\" \/>\n<meta property=\"og:type\" content=\"article\" \/>\n<meta property=\"og:title\" content=\"Valloire et Val Thorens, deux morts \u00e9vitables ? - AIRAP\" \/>\n<meta property=\"og:description\" content=\"17 avril 2025, 17 f\u00e9vrier 2026 L\u2019AIRAP s\u2019interroge sur les \u00e9v\u00e8nements qui ont d\u00e9bouch\u00e9 sur ces deux morts. Pourquoi deux promeneurs ont-ils trouv\u00e9s la mort \u00e0 quelques m\u00e8tres de lieux habit\u00e9s ?\u00a0 Elle fait part de ses r\u00e9flexions \u00e0 travers les 3 notes jointes. Un objectif, amener les responsables, les maires, \u00e0 redevelopper une vraie [&hellip;]\" \/>\n<meta property=\"og:url\" content=\"https:\/\/airap.asso.fr\/?page_id=3105\" \/>\n<meta property=\"og:site_name\" content=\"AIRAP\" \/>\n<meta property=\"article:publisher\" content=\"https:\/\/www.facebook.com\/airapasso\/\" \/>\n<meta property=\"og:image\" content=\"https:\/\/airap.asso.fr\/wp-content\/uploads\/2021\/06\/cropped-AIRAP-1.png\" \/>\n\t<meta property=\"og:image:width\" content=\"512\" \/>\n\t<meta property=\"og:image:height\" content=\"512\" \/>\n\t<meta property=\"og:image:type\" content=\"image\/png\" \/>\n<meta name=\"twitter:card\" content=\"summary_large_image\" \/>\n<meta name=\"twitter:site\" content=\"@AirapFrance\" \/>\n<meta name=\"twitter:label1\" content=\"Dur\u00e9e de lecture estim\u00e9e\" \/>\n\t<meta name=\"twitter:data1\" content=\"1 minute\" \/>\n<script type=\"application\/ld+json\" class=\"yoast-schema-graph\">{\"@context\":\"https:\\\/\\\/schema.org\",\"@graph\":[{\"@type\":\"WebPage\",\"@id\":\"https:\\\/\\\/airap.asso.fr\\\/?page_id=3105\",\"url\":\"https:\\\/\\\/airap.asso.fr\\\/?page_id=3105\",\"name\":\"Valloire et Val Thorens, deux morts \u00e9vitables ? - AIRAP\",\"isPartOf\":{\"@id\":\"https:\\\/\\\/airap.asso.fr\\\/#website\"},\"datePublished\":\"2026-03-02T12:16:27+00:00\",\"breadcrumb\":{\"@id\":\"https:\\\/\\\/airap.asso.fr\\\/?page_id=3105#breadcrumb\"},\"inLanguage\":\"fr-FR\",\"potentialAction\":[{\"@type\":\"ReadAction\",\"target\":[\"https:\\\/\\\/airap.asso.fr\\\/?page_id=3105\"]}]},{\"@type\":\"BreadcrumbList\",\"@id\":\"https:\\\/\\\/airap.asso.fr\\\/?page_id=3105#breadcrumb\",\"itemListElement\":[{\"@type\":\"ListItem\",\"position\":1,\"name\":\"Accueil\",\"item\":\"https:\\\/\\\/airap.asso.fr\\\/\"},{\"@type\":\"ListItem\",\"position\":2,\"name\":\"Valloire et Val Thorens, deux morts \u00e9vitables ?\"}]},{\"@type\":\"WebSite\",\"@id\":\"https:\\\/\\\/airap.asso.fr\\\/#website\",\"url\":\"https:\\\/\\\/airap.asso.fr\\\/\",\"name\":\"AIRAP - Association pour l'Information sur les Risques d'Avalanches Urbaines et leur Pr\u00e9vention\",\"description\":\"Association pour l&#039;Information sur les Risques d&#039;Avalanches Urbaines et leur Pr\u00e9vention\",\"publisher\":{\"@id\":\"https:\\\/\\\/airap.asso.fr\\\/#organization\"},\"potentialAction\":[{\"@type\":\"SearchAction\",\"target\":{\"@type\":\"EntryPoint\",\"urlTemplate\":\"https:\\\/\\\/airap.asso.fr\\\/?s={search_term_string}\"},\"query-input\":{\"@type\":\"PropertyValueSpecification\",\"valueRequired\":true,\"valueName\":\"search_term_string\"}}],\"inLanguage\":\"fr-FR\"},{\"@type\":\"Organization\",\"@id\":\"https:\\\/\\\/airap.asso.fr\\\/#organization\",\"name\":\"AIRAP ASSOCIATION\",\"url\":\"https:\\\/\\\/airap.asso.fr\\\/\",\"logo\":{\"@type\":\"ImageObject\",\"inLanguage\":\"fr-FR\",\"@id\":\"https:\\\/\\\/airap.asso.fr\\\/#\\\/schema\\\/logo\\\/image\\\/\",\"url\":\"https:\\\/\\\/airap.asso.fr\\\/wp-content\\\/uploads\\\/2021\\\/06\\\/ARAP-4.png\",\"contentUrl\":\"https:\\\/\\\/airap.asso.fr\\\/wp-content\\\/uploads\\\/2021\\\/06\\\/ARAP-4.png\",\"width\":500,\"height\":500,\"caption\":\"AIRAP ASSOCIATION\"},\"image\":{\"@id\":\"https:\\\/\\\/airap.asso.fr\\\/#\\\/schema\\\/logo\\\/image\\\/\"},\"sameAs\":[\"https:\\\/\\\/www.facebook.com\\\/airapasso\\\/\",\"https:\\\/\\\/x.com\\\/AirapFrance\"]}]}<\/script>\n<!-- \/ Yoast SEO plugin. -->","yoast_head_json":{"title":"Valloire et Val Thorens, deux morts \u00e9vitables ? - AIRAP","robots":{"index":"index","follow":"follow","max-snippet":"max-snippet:-1","max-image-preview":"max-image-preview:large","max-video-preview":"max-video-preview:-1"},"canonical":"https:\/\/airap.asso.fr\/?page_id=3105","og_locale":"fr_FR","og_type":"article","og_title":"Valloire et Val Thorens, deux morts \u00e9vitables ? - AIRAP","og_description":"17 avril 2025, 17 f\u00e9vrier 2026 L\u2019AIRAP s\u2019interroge sur les \u00e9v\u00e8nements qui ont d\u00e9bouch\u00e9 sur ces deux morts. Pourquoi deux promeneurs ont-ils trouv\u00e9s la mort \u00e0 quelques m\u00e8tres de lieux habit\u00e9s ?\u00a0 Elle fait part de ses r\u00e9flexions \u00e0 travers les 3 notes jointes. Un objectif, amener les responsables, les maires, \u00e0 redevelopper une vraie [&hellip;]","og_url":"https:\/\/airap.asso.fr\/?page_id=3105","og_site_name":"AIRAP","article_publisher":"https:\/\/www.facebook.com\/airapasso\/","og_image":[{"width":512,"height":512,"url":"https:\/\/airap.asso.fr\/wp-content\/uploads\/2021\/06\/cropped-AIRAP-1.png","type":"image\/png"}],"twitter_card":"summary_large_image","twitter_site":"@AirapFrance","twitter_misc":{"Dur\u00e9e de lecture estim\u00e9e":"1 minute"},"schema":{"@context":"https:\/\/schema.org","@graph":[{"@type":"WebPage","@id":"https:\/\/airap.asso.fr\/?page_id=3105","url":"https:\/\/airap.asso.fr\/?page_id=3105","name":"Valloire et Val Thorens, deux morts \u00e9vitables ? - AIRAP","isPartOf":{"@id":"https:\/\/airap.asso.fr\/#website"},"datePublished":"2026-03-02T12:16:27+00:00","breadcrumb":{"@id":"https:\/\/airap.asso.fr\/?page_id=3105#breadcrumb"},"inLanguage":"fr-FR","potentialAction":[{"@type":"ReadAction","target":["https:\/\/airap.asso.fr\/?page_id=3105"]}]},{"@type":"BreadcrumbList","@id":"https:\/\/airap.asso.fr\/?page_id=3105#breadcrumb","itemListElement":[{"@type":"ListItem","position":1,"name":"Accueil","item":"https:\/\/airap.asso.fr\/"},{"@type":"ListItem","position":2,"name":"Valloire et Val Thorens, deux morts \u00e9vitables ?"}]},{"@type":"WebSite","@id":"https:\/\/airap.asso.fr\/#website","url":"https:\/\/airap.asso.fr\/","name":"AIRAP - Association pour l'Information sur les Risques d'Avalanches Urbaines et leur Pr\u00e9vention","description":"Association pour l&#039;Information sur les Risques d&#039;Avalanches Urbaines et leur Pr\u00e9vention","publisher":{"@id":"https:\/\/airap.asso.fr\/#organization"},"potentialAction":[{"@type":"SearchAction","target":{"@type":"EntryPoint","urlTemplate":"https:\/\/airap.asso.fr\/?s={search_term_string}"},"query-input":{"@type":"PropertyValueSpecification","valueRequired":true,"valueName":"search_term_string"}}],"inLanguage":"fr-FR"},{"@type":"Organization","@id":"https:\/\/airap.asso.fr\/#organization","name":"AIRAP ASSOCIATION","url":"https:\/\/airap.asso.fr\/","logo":{"@type":"ImageObject","inLanguage":"fr-FR","@id":"https:\/\/airap.asso.fr\/#\/schema\/logo\/image\/","url":"https:\/\/airap.asso.fr\/wp-content\/uploads\/2021\/06\/ARAP-4.png","contentUrl":"https:\/\/airap.asso.fr\/wp-content\/uploads\/2021\/06\/ARAP-4.png","width":500,"height":500,"caption":"AIRAP ASSOCIATION"},"image":{"@id":"https:\/\/airap.asso.fr\/#\/schema\/logo\/image\/"},"sameAs":["https:\/\/www.facebook.com\/airapasso\/","https:\/\/x.com\/AirapFrance"]}]}},"_links":{"self":[{"href":"https:\/\/airap.asso.fr\/index.php?rest_route=\/wp\/v2\/pages\/3105","targetHints":{"allow":["GET"]}}],"collection":[{"href":"https:\/\/airap.asso.fr\/index.php?rest_route=\/wp\/v2\/pages"}],"about":[{"href":"https:\/\/airap.asso.fr\/index.php?rest_route=\/wp\/v2\/types\/page"}],"author":[{"embeddable":true,"href":"https:\/\/airap.asso.fr\/index.php?rest_route=\/wp\/v2\/users\/2"}],"replies":[{"embeddable":true,"href":"https:\/\/airap.asso.fr\/index.php?rest_route=%2Fwp%2Fv2%2Fcomments&post=3105"}],"version-history":[{"count":1,"href":"https:\/\/airap.asso.fr\/index.php?rest_route=\/wp\/v2\/pages\/3105\/revisions"}],"predecessor-version":[{"id":3106,"href":"https:\/\/airap.asso.fr\/index.php?rest_route=\/wp\/v2\/pages\/3105\/revisions\/3106"}],"wp:attachment":[{"href":"https:\/\/airap.asso.fr\/index.php?rest_route=%2Fwp%2Fv2%2Fmedia&parent=3105"}],"wp:term":[{"taxonomy":"folder","embeddable":true,"href":"https:\/\/airap.asso.fr\/index.php?rest_route=%2Fwp%2Fv2%2Ffolder&post=3105"}],"curies":[{"name":"wp","href":"https:\/\/api.w.org\/{rel}","templated":true}]}}